emainder when g is divided by 9.
5
Suppose 70 = 5*l + 6*m - 2*m, 2*m = 0. What is the remainder when l is divided by 3?
2
Let j(q) = -q**3 - 10*q**2 - 10*q - 7. Let b be j(-9). Suppose d = -b*d + 33. What is the remainder when 21 is divided by d?
10
Let d(p) = 10*p**3 - 2*p**2 + 3*p + 3. What is the remainder when d(2) is divided by 30?
21
Let p = 5 + 6. Calculate the remainder when -12*((-5)/3 + -1) is divided by p.
10
Let a(r) = -4*r + 22. Let b(w) = -3*w + 23. Let m(d) = 3*a(d) - 2*b(d). Calculate the remainder when m(-9) is divided by 15.
14
Let d(a) = -a + 11. Let z = 9 - 3. Calculate the remainder when 18 is divided by d(z).
3
Suppose 10*r - 5*r - 135 = 0. Suppose -11 = -2*i - l, -4*l + 0*l = i + 5. What is the remainder when r is divided by i?
6
What is the remainder when 74 + 0/(-1) - 3 is divided by 18?
17
Calculate the remainder when 9 is divided by ((-16)/24)/(2/(-18)).
3
Let m(p) be the third derivative of p**4/6 - p**3/2 - 2*p**2. Suppose -2*g + 14 = 6. Calculate the remainder when m(g) is divided by 7.
6
Suppose -c + 3*c - 122 = 0. Let q = -35 + c. Calculate the remainder when 102 is divided by q.
24
Let s be 1/(-2)*10*-1. Suppose o = l, -l + 2*l = s*o - 16. Suppose -5*k + 26 = -2*b - l, -57 = -4*k - 5*b. What is the remainder when 15 is divided by k?
7
Let n(j) = -j**2 - 8*j - 7. Let h be n(-7). Suppose -5*u = -10 - h, 0 = a + 3*u - 8. What is the remainder when a is divided by 2?
0
Let k(x) = x**2 + x - 7. Let u(y) be the third derivative of 5*y**5/12 + y**4/24 + 2*y**2. Calculate the remainder when u(-1) is divided by k(-5).
11
Let p(m) = -m**2 - 12*m + 3. Calculate the remainder when 26 is divided by p(-11).
12
Let g = -7 - 3. Suppose 2*n - 28 + 2 = 5*c, 21 = 3*n - 3*c. Calculate the remainder when 37 is divided by n/(-15) + (-132)/g.
11
What is the remainder when 7 is divided by (5 + -1)*3/4?
1
Calculate the remainder when 656/12 + (-4)/6 is divided by 19.
16
Suppose 4 = 3*w + 1. Let d be (6/w)/(2 - 0). Let u(s) = -s**3 + 3*s**2 + 2*s + 2. Calculate the remainder when u(d) is divided by 3.
2
Let s(j) = 3*j - 17. Suppose -64 + 9 = -5*q. Calculate the remainder when q is divided by s(7).
3
Suppose 134 = 5*s + 2*j, -3*s - 109 = -7*s - j. Calculate the remainder when 108 is divided by s.
24
Let u(a) be the third derivative of -3*a**4/8 - 5*a**3/3 + a**2. Suppose -v + 2*v - 3*l = 9, -l = 2*v - 39. Calculate the remainder when u(-5) is divided by v.
17
Let f = -15 + 17. Suppose -t - r + f*r = -42, -r = -2*t + 81. Calculate the remainder when t is divided by 10.
9
Let u = -9 - -13. Suppose 5*j = -4*l + 61, u*j + 2*l - 49 = -l. Suppose 3*h - 118 = -7. Calculate the remainder when h is divided by j.
11
Suppose 6 = 6*b - b - 4*s, 5*b - s - 9 = 0. Calculate the remainder when 28 is divided by b.
0
Let u = -26 - -45. Let n(l) = -4*l + 3. What is the remainder when u is divided by n(-2)?
8
Suppose 534 = 4*t - t + 2*m, 0 = -4*m. What is the remainder when t is divided by 36?
34
Suppose 0 = n + 2*n - 2*k - 42, 3*k = 4*n - 56. Let w(r) = -10*r - 14. Let l be w(-10). Let s = l - 46. What is the remainder when s is divided by n?
12
Suppose 9*m = 159 + 84. Calculate the remainder when 52 is divided by m.
25
Suppose 4*u + 5*w = -0*u + 271, -4*u = 4*w - 276. Calculate the remainder when u is divided by 25.
24
Let g = 2 - -3. Calculate the remainder when 17 is divided by g.
2
Suppose -3*i + 6*i = 75. Suppose -i = -5*s, -4*s = 2*k + 2*k - 64. Calculate the remainder when 41 is divided by k.
8
Suppose 5*f = 10*f - 40. Let u(k) = k**2 + 5*k - 7. What is the remainder when u(-9) is divided by f?
5
Suppose -3*h + 2*a - 35 = 0, -2*a + 4 + 4 = 0. Let z = 18 + h. What is the remainder when z is divided by 4?
1
Calculate the remainder when (-4)/(-5)*(-440)/(-16) is divided by 13.
9
Let h(u) = -u**2 + u + 1. Let j(x) = -4*x**2 - 7*x. Let l(y) = -4*h(y) - j(y). Calculate the remainder when l(-3) is divided by 15.
14
Let t = -48 - -91. What is the remainder when t is divided by 23?
20
Suppose -d - q + 13 = 0, -2*d + 46 - 19 = q. Calculate the remainder when 26 is divided by d.
12
Let r(i) = i**2 - 6*i - 8. Let o(a) = -8*a**3 - a**2 + 1. Let m be o(-1). What is the remainder when (-26)/3*3/(-2) is divided by r(m)?
5
Suppose 0 = o + 2*o + 219. Let g = 108 + o. What is the remainder when g is divided by 19?
16
Suppose 4*c - 190 = -6*c. Calculate the remainder when 33 is divided by c.
14
Let d(t) = -t**3 - 2*t**2 + 2. Let n = 2 + -4. Let u be d(n). Suppose -4*r + 14 = -r - f, -u*r + f = -8. What is the remainder when 16 is divided by r?
4
What is the remainder when 30 + 7 + (-1 - -1) + -3 is divided by 9?
7
Let g = -5 - 0. Suppose m + 2*b = 4*m - 122, m = 3*b + 50. Calculate the remainder when m is divided by (-2)/(g/(130/4)).
12
Let n(g) = 2*g - g**2 - g**3 - 4*g**2 - 6 - 4*g + 2*g**3. Let w = 21 - 15. What is the remainder when n(w) is divided by 10?
8
Let p = 597 - 373. Calculate the remainder when p is divided by 57.
53
Let p = -61 + 90. What is the remainder when 54 is divided by p?
25
Let l(p) = 4*p**2 - 5*p**2 + 1 - 7 + 9*p. Let h be l(6). Suppose s + 3*s = h. What is the remainder when s is divided by 2?
1
Suppose 0 = 4*k - l - 75, -60 = -4*k - l - 3*l. Calculate the remainder when 71 is divided by k.
17
Let w be 13 - (-3 + (-2)/(-1)). Suppose 4*i + 18 + 2 = 0. Let y = i + w. What is the remainder when y is divided by 5?
4
Let k(d) = -7*d - 10. Calculate the remainder when 142 is divided by k(-4).
16
Let t = 47 + -25. Suppose -2*d = 2*z - 34, 5*z + 5*d - 37 = 4*z. What is the remainder when t is divided by z?
10
Let j be 498/14 + (-3)/(-7). Suppose 4*g - j = h + 12, 0 = -4*g + 4*h + 60. What is the remainder when 30 is divided by g?
8
Let q = 82 - 58. Suppose 0*o - q = -2*o. Calculate the remainder when o is divided by 7.
5
Let u = 15 - 5. Suppose 2 = -2*k + u. Suppose 0 = -y - 0*y + k. What is the remainder when 9 is divided by y?
1
What is the remainder when 67 is divided by (-144)/(-10) + 24/(-60)?
11
Let p(x) be the second derivative of -x**5/20 + x**4/4 + 5*x**3/6 + 3*x**2/2 + 2*x. Let f = -15 + 19. Calculate the remainder when 25 is divided by p(f).
4
Let q(t) = -t**3 + t**2 + 9*t + 6. What is the remainder when 44 is divided by q(-3)?
14
Suppose 51 = 3*c - 2*c. What is the remainder when c is divided by 13?
12
What is the remainder when 45*3*32/80 is divided by 14?
12
Suppose 0 = 4*i - 2 + 18, -3*a + 3*i + 36 = 0. Calculate the remainder when 30 is divided by a.
6
Let j = -7 - 0. Let c = 12 + j. Suppose 5*b + c*t - 35 = 0, 5*b - 5*t = -2*t + 51. Calculate the remainder when 25 is divided by b.
7
Let j = 21 + -15. What is the remainder when 15 is divided by j?
3
Let o(d) = d**3 + d + 3. Let x(j) = -j**3 - j - 3. Let s(u) = -6*o(u) - 7*x(u). What is the remainder when 3 is divided by s(0)?
0
Let g(u) = 2*u**2 + 10*u - 9. What is the remainder when g(-8) is divided by (-128)/(-9) - (-4)/(-18)?
11
Let y = 0 - 2. Suppose -100 = -3*s + 26. Calculate the remainder when 1 + -1 + y + s is divided by 14.
12
Let q(u) = u**2 + 4*u + 8. What is the remainder when 97 is divided by q(-6)?
17
Suppose -13*x = -2*x - 143. Let o = -33 - -57. What is the remainder when o is divided by x?
11
Let w(s) = -12*s**2 + 5*s**2 + s**3 - 5 + 8*s + 6. What is the remainder when 63 is divided by w(6)?
11
Let x = 63 - 13. What is the remainder when x is divided by 13?
11
Let w = 48 + -12. Let c = w + -25. Suppose 0 = -4*u + 3*m + 109, -u - m = 3*m - 51. Calculate the remainder when u is divided by c.
9
Let c(n) = 2*n**3 + n**2 - 2*n + 1. Let d be c(1). Suppose -186 = -k - d*k. Calculate the remainder when k is divided by 16.
14
Suppose 5*j + a - 82 = 2*j, 2*a = 5*j - 122. Suppose o + 5*c = 11 + j, -3*o - 5*c = -71. Let q = 2 + o. Calculate the remainder when q is divided by 10.
9
Let l(z) = -z**3 + 7*z**2 - 2*z. Let t be l(4). Suppose 5*d = 5*x + 90, -4*d + 73 = -x + 13. Let w = t - d. What is the remainder when w is divided by 9?
8
Suppose g = 2*g - 21. Let m = g - 1. Suppose -5*o = d + d - 65, -5*d = -25. What is the remainder when m is divided by o?
9
Let f(x) = -x**3 + 4*x**2 + 2*x - 1. Let m be ((-10)/15)/(1/(-6)). Let p(y) = 2*y. Calculate the remainder when f(m) is divided by p(2).
3
Let q(r) = r**3 + 4*r**2 - 6*r - 5. Let c be q(-5). What is the remainder when 34 is 